actors of 192412?
2, 11, 4373
List the prime factors of 11602520.
2, 5, 431, 673
What are the prime factors of 209833?
13, 16141
List the prime factors of 656709.
3, 457, 479
What are the prime factors of 157559?
157559
List the prime factors of 11376531.
3, 46817
List the prime factors of 7790.
2, 5, 19, 41
List the prime factors of 116939.
337, 347
List the prime factors of 2520399.
3, 7, 257, 467
List the prime factors of 861606.
2, 3, 151, 317
List the prime factors of 30267512.
2, 11, 41, 8389
What are the prime factors of 1246415?
5, 109, 2287
What are the prime factors of 415155?
3, 5, 13, 2129
What are the prime factors of 923352?
2, 3, 79, 487
What are the prime factors of 896707?
7, 53, 2417
List the prime factors of 12856945.
5, 37, 69497
What are the prime factors of 948293?
948293
List the prime factors of 1582558.
2, 599, 1321
List the prime factors of 219548.
2, 7, 7841
What are the prime factors of 221958?
2, 3, 11, 19, 59
List the prime factors of 9177812.
2, 7, 327779
List the prime factors of 717800.
2, 5, 37, 97
What are the prime factors of 1072004?
2, 283, 947
What are the prime factors of 1336219?
103, 12973
List the prime factors of 94481.
107, 883
List the prime factors of 5602959.
3, 207517
List the prime factors of 957292.
2, 7, 179, 191
What are the prime factors of 63008?
2, 11, 179
List the prime factors of 419788.
2, 104947
List the prime factors of 662022.
2, 3, 36779
List the prime factors of 2739251.
41, 71, 941
List the prime factors of 99291.
3, 23, 1439
What are the prime factors of 5018845?
5, 13, 77213
What are the prime factors of 1105203?
3, 11, 107, 313
List the prime factors of 3081795.
3, 5, 205453
What are the prime factors of 16947350?
2, 5, 7, 41, 1181
List the prime factors of 16084821.
3, 29, 293, 631
What are the prime factors of 127916?
2, 113, 283
What are the prime factors of 283484?
2, 131, 541
List the prime factors of 288391.
173, 1667
List the prime factors of 192371.
47, 4093
List the prime factors of 18247880.
2, 5, 7, 65171
What are the prime factors of 239948?
2, 223, 269
What are the prime factors of 248622?
2, 3, 11, 3767
List the prime factors of 4039626.
2, 3, 673271
What are the prime factors of 589238?
2, 13, 131, 173
What are the prime factors of 1101740?
2, 5, 31, 1777
List the prime factors of 827403.
3, 389, 709
List the prime factors of 14839546.
2, 7419773
List the prime factors of 111442.
2, 55721
List the prime factors of 19536925.
5, 37, 21121
What are the prime factors of 3909960?
2, 3, 5, 10861
What are the prime factors of 1165298?
2, 582649
What are the prime factors of 268216?
2, 13, 2579
What are the prime factors of 94703?
7, 83, 163
List the prime factors of 786775.
5, 11, 2861
List the prime factors of 759172.
2, 53, 3581
List the prime factors of 14138283.
3, 29, 101, 1609
What are the prime factors of 11609088?
2, 3, 3779
What are the prime factors of 8319018?
2, 3, 17, 81559
List the prime factors of 1838927.
227, 8101
What are the prime factors of 13332892?
2, 53, 61, 1031
List the prime factors of 8202.
2, 3, 1367
What are the prime factors of 31368?
2, 3, 1307
What are the prime factors of 672864?
2, 3, 43, 163
List the prime factors of 1212826.
2, 606413
What are the prime factors of 1198710?
2, 3, 5, 19, 701
List the prime factors of 7801.
29, 269
List the prime factors of 148470.
2, 3, 5, 7, 101
List the prime factors of 225435.
3, 5, 7, 19, 113
List the prime factors of 384834.
2, 3, 31, 2069
List the prime factors of 5279708.
2, 7, 193, 977
What are the prime factors of 940084?
2, 197, 1193
What are the prime factors of 2295853?
7, 327979
What are the prime factors of 367286?
2, 227, 809
What are the prime factors of 1748502?
2, 3, 7, 13877
What are the prime factors of 2394198?
2, 3, 14779
List the prime factors of 1866009.
3, 19, 1723
List the prime factors of 207434.
2, 17, 6101
List the prime factors of 1350689.
113, 11953
List the prime factors of 5300092.
2, 7, 73, 2593
What are the prime factors of 2109756?
2, 3, 11, 1453
What are the prime factors of 123333?
3, 7, 839
List the prime factors of 193269.
3, 23, 2801
List the prime factors of 1584507.
3, 43, 71, 173
List the prime factors of 2961011.
107, 27673
List the prime factors of 4624542.
2, 3, 13, 19763
What are the prime factors of 4443041?
4443041
What are the prime factors of 976684?
2, 17, 53, 271
List the prime factors of 2974427.
41, 72547
What are the prime factors of 684075?
3, 5, 7, 1303
What are the prime factors of 15979548?
2, 3, 13, 102433
List the prime factors of 1723413.
3, 23, 24977
What are the prime factors of 3434872?
2, 7, 83, 739
What are the prime factors of 33672?
2, 3, 23, 61
List the prime factors of 124067.
124067
List the prime factors of 92838.
2, 3, 15473
List the prime factors of 346892.
2, 7, 13, 953
What are the prime factors of 4299106?
2, 7, 307079
List the prime factors of 325639.
43, 7573
What are the prime factors of 685938?
2, 3, 11, 19, 547
What are the prime factors of 2918933?
89, 32797
What are the prime factors of 121368?
2, 3, 13, 389
What are the prime factors of 133274?
2, 37, 1801
What are the prime factors of 239258?
2, 17, 31, 227
What are the prime factors of 2416928?
2, 47, 1607
List the prime factors of 18824475.
3, 5, 250993
What are the prime factors of 1799252?
2, 7, 13, 4943
List the prime factors of 3034908.
2, 3, 17, 19, 29
What are the prime factors of 875468?
2, 11, 101, 197
What are the prime factors of 478485?
3, 5, 7, 31
List the prime factors of 4834079.
4834079
List the prime factors of 10673393.
31, 139, 2477
What are the prime factors of 98837?
98837
List the prime factors of 2083738.
2, 1041869
List the prime factors of 1323123.
3, 441041
List the prime factors of 6669540.
2, 3, 5, 23, 179
What are the prime factors of 922155?
3, 5, 13, 4729
List the prime factors of 21703242.
2, 3, 11, 328837
List the prime factors of 413002.
2, 206501
What are the prime factors of 723878?
2, 113, 3203
What are the prime factors of 2834148?
2, 3, 103, 2293
What are the prime factors of 8185089?
3, 11, 248033
List the prime factors of 488325.
3, 5, 17, 383
List the prime factors of 188070.
2, 3, 5, 6269
List the prime factors of 17003761.
1291, 13171
What are the prime factors of 1270761?
3, 423587
List the prime factors of 33808.
2, 2113
List the prime factors of 4205422.
2, 13, 19, 8513
What are the prime factors of 1068857?
1068857
What are the prime factors of 9269818?
2, 199, 23291
What are the prime factors of 21148033?
21148033
What are the prime factors of 827075?
5, 33083
What are the prime factors of 9055186?
2, 7, 17, 38047
What are the prime factors of 584922?
2, 3, 13, 7499
List the prime factors of 2792592.
2, 3, 11, 41, 43
List the prime factors of 15099997.
11, 1372727
What are the prime factors of 7606954?
2, 19, 200183
What are the prime factors of 504935?
5, 100987
List the prime factors of 64256.
2, 251
List the prime factors of 2562015.
3, 5, 170801
What are the prime factors of 586466?
2, 17, 47, 367
What are the prime factors of 98052?
2, 3, 8171
List the prime factors of 687118.
2, 343559
What are the prime factors of 719601?
3, 23, 10429
List the prime factors of 4364005.
5, 307, 2843
List the prime factors of 10212593.
10212593
List the prime factors of 582769.
11, 31, 1709
List the prime factors of 2587098.
2, 3, 71, 6073
List the prime factors of 19098385.
5, 29, 131713
What are the prime factors of 305317?
211, 1447
What are the prime factors of 34730?
2, 5, 23, 151
What are the prime factors of 1731624?
2, 3, 23, 3137
List the prime factors of 970353.
3, 83, 433
What are the prime factors of 15767505?
3, 5, 13, 26953
List the prime factors of 3564149.
23, 241, 643
What are the prime factors of 144607?
41, 3527
List the prime factors of 381644.
2, 73, 1307
List the prime factors of 99094.
2, 49547
What are the prime factors of 112481?
112481
What are the prime factors of 2287492?
2, 571873
List the prime factors of 174026.
2, 87013
List the prime factors of 229998.
2, 3, 38333
List the prime factors of 432001.
432001
What are the prime factors of 1176986?
2, 588493
List the prime factors of 4792884.
2, 3, 307, 1301
List the prime factors of 606423.
3, 19, 10639
List the prime factors of 183495.
3, 5, 13